{"id":254,"date":"2023-04-21T13:37:17","date_gmt":"2023-04-21T13:37:17","guid":{"rendered":"https:\/\/maua.g12.br\/site\/index.php\/maua-idiomas-2\/"},"modified":"2023-05-06T10:26:23","modified_gmt":"2023-05-06T10:26:23","slug":"maua-idiomas","status":"publish","type":"page","link":"https:\/\/maua.g12.br\/site\/index.php\/maua-idiomas\/","title":{"rendered":"Mau\u00e1 Idiomas"},"content":{"rendered":"\t\t<div data-elementor-type=\"wp-page\" data-elementor-id=\"254\" class=\"elementor elementor-254\">\n\t\t\t\t\t\t\t\t\t<section class=\"elementor-section elementor-top-section elementor-element elementor-element-2f83b922 elementor-section-content-middle elementor-section-boxed elementor-section-height-default elementor-section-height-default\" data-id=\"2f83b922\" data-element_type=\"section\" data-settings=\"{&quot;background_background&quot;:&quot;classic&quot;}\">\n\t\t\t\t\t\t\t<div class=\"elementor-background-overlay\"><\/div>\n\t\t\t\t\t\t\t<div class=\"elementor-container elementor-column-gap-default\">\n\t\t\t\t\t<div class=\"elementor-column elementor-col-100 elementor-top-column elementor-element elementor-element-7a4d9e2\" data-id=\"7a4d9e2\" data-element_type=\"column\">\n\t\t\t<div class=\"elementor-widget-wrap elementor-element-populated\">\n\t\t\t\t\t\t\t\t<div class=\"elementor-element elementor-element-462bb3b1 elementor-widget elementor-widget-heading\" data-id=\"462bb3b1\" data-element_type=\"widget\" data-widget_type=\"heading.default\">\n\t\t\t\t<div class=\"elementor-widget-container\">\n\t\t\t<style>\/*! elementor - v3.12.1 - 02-04-2023 *\/\n.elementor-heading-title{padding:0;margin:0;line-height:1}.elementor-widget-heading .elementor-heading-title[class*=elementor-size-]>a{color:inherit;font-size:inherit;line-height:inherit}.elementor-widget-heading .elementor-heading-title.elementor-size-small{font-size:15px}.elementor-widget-heading .elementor-heading-title.elementor-size-medium{font-size:19px}.elementor-widget-heading .elementor-heading-title.elementor-size-large{font-size:29px}.elementor-widget-heading .elementor-heading-title.elementor-size-xl{font-size:39px}.elementor-widget-heading .elementor-heading-title.elementor-size-xxl{font-size:59px}<\/style><h1 class=\"elementor-heading-title elementor-size-default\">Mau\u00e1 Idiomas<\/h1>\t\t<\/div>\n\t\t\t\t<\/div>\n\t\t\t\t<div class=\"elementor-element elementor-element-685c2115 elementor-widget elementor-widget-heading\" data-id=\"685c2115\" data-element_type=\"widget\" data-widget_type=\"heading.default\">\n\t\t\t\t<div class=\"elementor-widget-container\">\n\t\t\t<h4 class=\"elementor-heading-title elementor-size-default\">Conhe\u00e7a nossa proposta<\/h4>\t\t<\/div>\n\t\t\t\t<\/div>\n\t\t\t\t\t<\/div>\n\t\t<\/div>\n\t\t\t\t\t\t\t<\/div>\n\t\t<\/section>\n\t\t\t\t<section class=\"elementor-section elementor-top-section elementor-element elementor-element-c594798 elementor-section-boxed elementor-section-height-default elementor-section-height-default\" data-id=\"c594798\" data-element_type=\"section\">\n\t\t\t\t\t\t<div class=\"elementor-container elementor-column-gap-default\">\n\t\t\t\t\t<div class=\"elementor-column elementor-col-50 elementor-top-column elementor-element elementor-element-334a865f\" data-id=\"334a865f\" data-element_type=\"column\">\n\t\t\t<div class=\"elementor-widget-wrap elementor-element-populated\">\n\t\t\t\t\t\t\t\t<div class=\"elementor-element elementor-element-79a9ab76 elementor-widget elementor-widget-text-editor\" data-id=\"79a9ab76\" data-element_type=\"widget\" data-widget_type=\"text-editor.default\">\n\t\t\t\t<div class=\"elementor-widget-container\">\n\t\t\t<style>\/*! elementor - v3.12.1 - 02-04-2023 *\/\n.elementor-widget-text-editor.elementor-drop-cap-view-stacked .elementor-drop-cap{background-color:#69727d;color:#fff}.elementor-widget-text-editor.elementor-drop-cap-view-framed .elementor-drop-cap{color:#69727d;border:3px solid;background-color:transparent}.elementor-widget-text-editor:not(.elementor-drop-cap-view-default) .elementor-drop-cap{margin-top:8px}.elementor-widget-text-editor:not(.elementor-drop-cap-view-default) .elementor-drop-cap-letter{width:1em;height:1em}.elementor-widget-text-editor .elementor-drop-cap{float:left;text-align:center;line-height:1;font-size:50px}.elementor-widget-text-editor .elementor-drop-cap-letter{display:inline-block}<\/style>\t\t\t\t<p>O Mau\u00e1 Idiomas \u00e9 uma escola de ingl\u00eas para os alunos do 1\u00ba ao 9\u00ba ano do ensino fundamental. As aulas s\u00e3o \u00e0s ter\u00e7as e quintas-feiras, nos turnos da manh\u00e3 e da tarde, totalizando 4 aulas semanais, com dura\u00e7\u00e3o de 45 minutos. O n\u00famero m\u00ednimo de alunos por turma \u00e9 de 8 e o m\u00e1ximo de 12.<\/p>\t\t\t\t\t\t<\/div>\n\t\t\t\t<\/div>\n\t\t\t\t<div class=\"elementor-element elementor-element-1ab3861a elementor-widget elementor-widget-text-editor\" data-id=\"1ab3861a\" data-element_type=\"widget\" data-widget_type=\"text-editor.default\">\n\t\t\t\t<div class=\"elementor-widget-container\">\n\t\t\t\t\t\t\t<p>Desde mar\u00e7o de 2022, o Mau\u00e1 Idiomas est\u00e1 de casa nova. Um espa\u00e7o com quatro salas de aula confort\u00e1veis e especialmente preparadas para o ensino de l\u00ednguas. O pr\u00e9dio pode ser acessado somente pela parte interna da escola, o que permite total seguran\u00e7a aos alunos. O curso conta com professores capacitados e uma secretaria exclusiva para o atendimento de pais e estudantes. N\u00e3o h\u00e1 taxa de matr\u00edcula e o valor do material did\u00e1tico est\u00e1 incluso nas mensalidades.<\/p>\t\t\t\t\t\t<\/div>\n\t\t\t\t<\/div>\n\t\t\t\t\t<\/div>\n\t\t<\/div>\n\t\t\t\t<div class=\"elementor-column elementor-col-50 elementor-top-column elementor-element elementor-element-28c8bcbb\" data-id=\"28c8bcbb\" data-element_type=\"column\">\n\t\t\t<div class=\"elementor-widget-wrap elementor-element-populated\">\n\t\t\t\t\t\t\t\t<div class=\"elementor-element elementor-element-66fb311 elementor-widget elementor-widget-image\" data-id=\"66fb311\" data-element_type=\"widget\" data-widget_type=\"image.default\">\n\t\t\t\t<div class=\"elementor-widget-container\">\n\t\t\t<style>\/*! elementor - v3.12.1 - 02-04-2023 *\/\n.elementor-widget-image{text-align:center}.elementor-widget-image a{display:inline-block}.elementor-widget-image a img[src$=\".svg\"]{width:48px}.elementor-widget-image img{vertical-align:middle;display:inline-block}<\/style>\t\t\t\t\t\t\t\t\t\t\t\t<img decoding=\"async\" width=\"700\" height=\"467\" src=\"https:\/\/maua.g12.br\/site\/wp-content\/uploads\/2023\/04\/maua-idiomas-1.jpg\" class=\"attachment-large size-large wp-image-191\" alt=\"\" srcset=\"https:\/\/maua.g12.br\/site\/wp-content\/uploads\/2023\/04\/maua-idiomas-1.jpg 700w, https:\/\/maua.g12.br\/site\/wp-content\/uploads\/2023\/04\/maua-idiomas-1-300x200.jpg 300w\" sizes=\"(max-width: 700px) 100vw, 700px\" \/>\t\t\t\t\t\t\t\t\t\t\t\t\t\t\t<\/div>\n\t\t\t\t<\/div>\n\t\t\t\t\t<\/div>\n\t\t<\/div>\n\t\t\t\t\t\t\t<\/div>\n\t\t<\/section>\n\t\t\t\t<section class=\"elementor-section elementor-top-section elementor-element elementor-element-66f9d3d elementor-section-boxed elementor-section-height-default elementor-section-height-default\" data-id=\"66f9d3d\" data-element_type=\"section\">\n\t\t\t\t\t\t<div class=\"elementor-container elementor-column-gap-default\">\n\t\t\t\t\t<div class=\"elementor-column elementor-col-100 elementor-top-column elementor-element elementor-element-7b6d5b98\" data-id=\"7b6d5b98\" data-element_type=\"column\">\n\t\t\t<div class=\"elementor-widget-wrap elementor-element-populated\">\n\t\t\t\t\t\t\t\t<div class=\"elementor-element elementor-element-1b537da4 elementor-widget elementor-widget-heading\" data-id=\"1b537da4\" data-element_type=\"widget\" data-widget_type=\"heading.default\">\n\t\t\t\t<div class=\"elementor-widget-container\">\n\t\t\t<h4 class=\"elementor-heading-title elementor-size-default\">Confira um pouco do que acontece aqui no Mau\u00e1 Idiomas!<\/h4>\t\t<\/div>\n\t\t\t\t<\/div>\n\t\t\t\t<div class=\"elementor-element elementor-element-5dbaeebe elementor-arrows-position-outside elementor-widget elementor-widget-image-carousel\" data-id=\"5dbaeebe\" data-element_type=\"widget\" data-settings=\"{&quot;slides_to_show&quot;:&quot;2&quot;,&quot;navigation&quot;:&quot;arrows&quot;,&quot;autoplay&quot;:&quot;yes&quot;,&quot;pause_on_hover&quot;:&quot;yes&quot;,&quot;pause_on_interaction&quot;:&quot;yes&quot;,&quot;autoplay_speed&quot;:5000,&quot;infinite&quot;:&quot;yes&quot;,&quot;speed&quot;:500,&quot;image_spacing_custom&quot;:{&quot;unit&quot;:&quot;px&quot;,&quot;size&quot;:20,&quot;sizes&quot;:[]},&quot;image_spacing_custom_tablet&quot;:{&quot;unit&quot;:&quot;px&quot;,&quot;size&quot;:&quot;&quot;,&quot;sizes&quot;:[]},&quot;image_spacing_custom_mobile&quot;:{&quot;unit&quot;:&quot;px&quot;,&quot;size&quot;:&quot;&quot;,&quot;sizes&quot;:[]}}\" data-widget_type=\"image-carousel.default\">\n\t\t\t\t<div class=\"elementor-widget-container\">\n\t\t\t<style>\/*! elementor - v3.12.1 - 02-04-2023 *\/\n.elementor-widget-image-carousel .swiper,.elementor-widget-image-carousel .swiper-container{position:static}.elementor-widget-image-carousel .swiper-container .swiper-slide figure,.elementor-widget-image-carousel .swiper .swiper-slide figure{line-height:inherit}.elementor-widget-image-carousel .swiper-slide{text-align:center}.elementor-image-carousel-wrapper:not(.swiper-container-initialized) .swiper-slide,.elementor-image-carousel-wrapper:not(.swiper-initialized) .swiper-slide{max-width:calc(100% \/ var(--e-image-carousel-slides-to-show, 3))}<\/style>\t\t<div class=\"elementor-image-carousel-wrapper swiper\" dir=\"ltr\">\n\t\t\t<div class=\"elementor-image-carousel swiper-wrapper swiper-image-stretch\">\n\t\t\t\t\t\t\t\t<div class=\"swiper-slide\"><a data-elementor-open-lightbox=\"yes\" data-elementor-lightbox-slideshow=\"5dbaeebe\" data-elementor-lightbox-title=\"colegio-maua-idiomas-2.jpg\" data-e-action-hash=\"#elementor-action%3Aaction%3Dlightbox%26settings%3DeyJpZCI6IjE5MiIsInVybCI6Imh0dHBzOlwvXC9tYXVhLmcxMi5iclwvc2l0ZVwvd3AtY29udGVudFwvdXBsb2Fkc1wvMjAyM1wvMDRcL2NvbGVnaW8tbWF1YS1pZGlvbWFzLTIuanBnIiwic2xpZGVzaG93IjoiNWRiYWVlYmUifQ%3D%3D\" href=\"https:\/\/maua.g12.br\/site\/wp-content\/uploads\/2023\/04\/colegio-maua-idiomas-2.jpg\"><figure class=\"swiper-slide-inner\"><img decoding=\"async\" class=\"swiper-slide-image\" src=\"https:\/\/maua.g12.br\/site\/wp-content\/uploads\/2023\/04\/colegio-maua-idiomas-2.jpg\" alt=\"colegio-maua-idiomas-2.jpg\" \/><\/figure><\/a><\/div><div class=\"swiper-slide\"><a data-elementor-open-lightbox=\"yes\" data-elementor-lightbox-slideshow=\"5dbaeebe\" data-elementor-lightbox-title=\"colegio-maua-idiomas-3.jpg\" data-e-action-hash=\"#elementor-action%3Aaction%3Dlightbox%26settings%3DeyJpZCI6IjE5MyIsInVybCI6Imh0dHBzOlwvXC9tYXVhLmcxMi5iclwvc2l0ZVwvd3AtY29udGVudFwvdXBsb2Fkc1wvMjAyM1wvMDRcL2NvbGVnaW8tbWF1YS1pZGlvbWFzLTMuanBnIiwic2xpZGVzaG93IjoiNWRiYWVlYmUifQ%3D%3D\" href=\"https:\/\/maua.g12.br\/site\/wp-content\/uploads\/2023\/04\/colegio-maua-idiomas-3.jpg\"><figure class=\"swiper-slide-inner\"><img decoding=\"async\" class=\"swiper-slide-image\" src=\"https:\/\/maua.g12.br\/site\/wp-content\/uploads\/2023\/04\/colegio-maua-idiomas-3.jpg\" alt=\"colegio-maua-idiomas-3.jpg\" \/><\/figure><\/a><\/div><div class=\"swiper-slide\"><a data-elementor-open-lightbox=\"yes\" data-elementor-lightbox-slideshow=\"5dbaeebe\" data-elementor-lightbox-title=\"colegio-maua-idiomas-4.jpg\" data-e-action-hash=\"#elementor-action%3Aaction%3Dlightbox%26settings%3DeyJpZCI6IjE5NCIsInVybCI6Imh0dHBzOlwvXC9tYXVhLmcxMi5iclwvc2l0ZVwvd3AtY29udGVudFwvdXBsb2Fkc1wvMjAyM1wvMDRcL2NvbGVnaW8tbWF1YS1pZGlvbWFzLTQuanBnIiwic2xpZGVzaG93IjoiNWRiYWVlYmUifQ%3D%3D\" href=\"https:\/\/maua.g12.br\/site\/wp-content\/uploads\/2023\/04\/colegio-maua-idiomas-4.jpg\"><figure class=\"swiper-slide-inner\"><img decoding=\"async\" class=\"swiper-slide-image\" src=\"https:\/\/maua.g12.br\/site\/wp-content\/uploads\/2023\/04\/colegio-maua-idiomas-4.jpg\" alt=\"colegio-maua-idiomas-4.jpg\" \/><\/figure><\/a><\/div><div class=\"swiper-slide\"><a data-elementor-open-lightbox=\"yes\" data-elementor-lightbox-slideshow=\"5dbaeebe\" data-elementor-lightbox-title=\"colegio-maua-idiomas-8.jpg\" data-e-action-hash=\"#elementor-action%3Aaction%3Dlightbox%26settings%3DeyJpZCI6IjE5NSIsInVybCI6Imh0dHBzOlwvXC9tYXVhLmcxMi5iclwvc2l0ZVwvd3AtY29udGVudFwvdXBsb2Fkc1wvMjAyM1wvMDRcL2NvbGVnaW8tbWF1YS1pZGlvbWFzLTguanBnIiwic2xpZGVzaG93IjoiNWRiYWVlYmUifQ%3D%3D\" href=\"https:\/\/maua.g12.br\/site\/wp-content\/uploads\/2023\/04\/colegio-maua-idiomas-8.jpg\"><figure class=\"swiper-slide-inner\"><img decoding=\"async\" class=\"swiper-slide-image\" src=\"https:\/\/maua.g12.br\/site\/wp-content\/uploads\/2023\/04\/colegio-maua-idiomas-8.jpg\" alt=\"colegio-maua-idiomas-8.jpg\" \/><\/figure><\/a><\/div><div class=\"swiper-slide\"><a data-elementor-open-lightbox=\"yes\" data-elementor-lightbox-slideshow=\"5dbaeebe\" data-elementor-lightbox-title=\"colegio-maua-idiomas-9.jpg\" data-e-action-hash=\"#elementor-action%3Aaction%3Dlightbox%26settings%3DeyJpZCI6IjE5NiIsInVybCI6Imh0dHBzOlwvXC9tYXVhLmcxMi5iclwvc2l0ZVwvd3AtY29udGVudFwvdXBsb2Fkc1wvMjAyM1wvMDRcL2NvbGVnaW8tbWF1YS1pZGlvbWFzLTkuanBnIiwic2xpZGVzaG93IjoiNWRiYWVlYmUifQ%3D%3D\" href=\"https:\/\/maua.g12.br\/site\/wp-content\/uploads\/2023\/04\/colegio-maua-idiomas-9.jpg\"><figure class=\"swiper-slide-inner\"><img decoding=\"async\" class=\"swiper-slide-image\" src=\"https:\/\/maua.g12.br\/site\/wp-content\/uploads\/2023\/04\/colegio-maua-idiomas-9.jpg\" alt=\"colegio-maua-idiomas-9.jpg\" \/><\/figure><\/a><\/div><div class=\"swiper-slide\"><a data-elementor-open-lightbox=\"yes\" data-elementor-lightbox-slideshow=\"5dbaeebe\" data-elementor-lightbox-title=\"colegio-maua-idiomas-10.jpg\" data-e-action-hash=\"#elementor-action%3Aaction%3Dlightbox%26settings%3DeyJpZCI6IjE5NyIsInVybCI6Imh0dHBzOlwvXC9tYXVhLmcxMi5iclwvc2l0ZVwvd3AtY29udGVudFwvdXBsb2Fkc1wvMjAyM1wvMDRcL2NvbGVnaW8tbWF1YS1pZGlvbWFzLTEwLmpwZyIsInNsaWRlc2hvdyI6IjVkYmFlZWJlIn0%3D\" href=\"https:\/\/maua.g12.br\/site\/wp-content\/uploads\/2023\/04\/colegio-maua-idiomas-10.jpg\"><figure class=\"swiper-slide-inner\"><img decoding=\"async\" class=\"swiper-slide-image\" src=\"https:\/\/maua.g12.br\/site\/wp-content\/uploads\/2023\/04\/colegio-maua-idiomas-10.jpg\" alt=\"colegio-maua-idiomas-10.jpg\" \/><\/figure><\/a><\/div><div class=\"swiper-slide\"><a data-elementor-open-lightbox=\"yes\" data-elementor-lightbox-slideshow=\"5dbaeebe\" data-elementor-lightbox-title=\"colegio-maua-idiomas-11.jpg\" data-e-action-hash=\"#elementor-action%3Aaction%3Dlightbox%26settings%3DeyJpZCI6IjE5OCIsInVybCI6Imh0dHBzOlwvXC9tYXVhLmcxMi5iclwvc2l0ZVwvd3AtY29udGVudFwvdXBsb2Fkc1wvMjAyM1wvMDRcL2NvbGVnaW8tbWF1YS1pZGlvbWFzLTExLmpwZyIsInNsaWRlc2hvdyI6IjVkYmFlZWJlIn0%3D\" href=\"https:\/\/maua.g12.br\/site\/wp-content\/uploads\/2023\/04\/colegio-maua-idiomas-11.jpg\"><figure class=\"swiper-slide-inner\"><img decoding=\"async\" class=\"swiper-slide-image\" src=\"https:\/\/maua.g12.br\/site\/wp-content\/uploads\/2023\/04\/colegio-maua-idiomas-11.jpg\" alt=\"colegio-maua-idiomas-11.jpg\" \/><\/figure><\/a><\/div><div class=\"swiper-slide\"><a data-elementor-open-lightbox=\"yes\" data-elementor-lightbox-slideshow=\"5dbaeebe\" data-elementor-lightbox-title=\"colegio-maua-idiomas-12.jpg\" data-e-action-hash=\"#elementor-action%3Aaction%3Dlightbox%26settings%3DeyJpZCI6IjE5OSIsInVybCI6Imh0dHBzOlwvXC9tYXVhLmcxMi5iclwvc2l0ZVwvd3AtY29udGVudFwvdXBsb2Fkc1wvMjAyM1wvMDRcL2NvbGVnaW8tbWF1YS1pZGlvbWFzLTEyLmpwZyIsInNsaWRlc2hvdyI6IjVkYmFlZWJlIn0%3D\" href=\"https:\/\/maua.g12.br\/site\/wp-content\/uploads\/2023\/04\/colegio-maua-idiomas-12.jpg\"><figure class=\"swiper-slide-inner\"><img decoding=\"async\" class=\"swiper-slide-image\" src=\"https:\/\/maua.g12.br\/site\/wp-content\/uploads\/2023\/04\/colegio-maua-idiomas-12.jpg\" alt=\"colegio-maua-idiomas-12.jpg\" \/><\/figure><\/a><\/div><div class=\"swiper-slide\"><a data-elementor-open-lightbox=\"yes\" data-elementor-lightbox-slideshow=\"5dbaeebe\" data-elementor-lightbox-title=\"colegio-maua-idiomas-2-2.jpg\" data-e-action-hash=\"#elementor-action%3Aaction%3Dlightbox%26settings%3DeyJpZCI6MjU1LCJ1cmwiOiJodHRwczpcL1wvbWF1YS5nMTIuYnJcL3NpdGVcL3dwLWNvbnRlbnRcL3VwbG9hZHNcLzIwMjNcLzA0XC9jb2xlZ2lvLW1hdWEtaWRpb21hcy0yLTItMS5qcGciLCJzbGlkZXNob3ciOiI1ZGJhZWViZSJ9\" href=\"https:\/\/maua.g12.br\/site\/wp-content\/uploads\/2023\/04\/colegio-maua-idiomas-2-2-1.jpg\"><figure class=\"swiper-slide-inner\"><img decoding=\"async\" class=\"swiper-slide-image\" src=\"https:\/\/maua.g12.br\/site\/wp-content\/uploads\/2023\/04\/colegio-maua-idiomas-2-2-1.jpg\" alt=\"colegio-maua-idiomas-2-2.jpg\" \/><\/figure><\/a><\/div><div class=\"swiper-slide\"><a data-elementor-open-lightbox=\"yes\" data-elementor-lightbox-slideshow=\"5dbaeebe\" data-elementor-lightbox-title=\"colegio-maua-idiomas-2-3.jpg\" data-e-action-hash=\"#elementor-action%3Aaction%3Dlightbox%26settings%3DeyJpZCI6IjgzIiwidXJsIjoiaHR0cHM6XC9cL21hdWEuZzEyLmJyXC9zaXRlXC93cC1jb250ZW50XC91cGxvYWRzXC8yMDIzXC8wNFwvY29sZWdpby1tYXVhLWlkaW9tYXMtMi0zLmpwZyIsInNsaWRlc2hvdyI6IjVkYmFlZWJlIn0%3D\" href=\"https:\/\/maua.g12.br\/site\/wp-content\/uploads\/2023\/04\/colegio-maua-idiomas-2-3.jpg\"><figure class=\"swiper-slide-inner\"><img decoding=\"async\" class=\"swiper-slide-image\" src=\"https:\/\/maua.g12.br\/site\/wp-content\/uploads\/2023\/04\/colegio-maua-idiomas-2-3.jpg\" alt=\"colegio-maua-idiomas-2-3.jpg\" \/><\/figure><\/a><\/div>\t\t\t<\/div>\n\t\t\t\t\t\t\t\t\t\t\t\t\t\t\t\t<div class=\"elementor-swiper-button elementor-swiper-button-prev\">\n\t\t\t\t\t\t<i aria-hidden=\"true\" class=\"eicon-chevron-left\"><\/i>\t\t\t\t\t\t<span class=\"elementor-screen-only\">Anterior<\/span>\n\t\t\t\t\t<\/div>\n\t\t\t\t\t<div class=\"elementor-swiper-button elementor-swiper-button-next\">\n\t\t\t\t\t\t<i aria-hidden=\"true\" class=\"eicon-chevron-right\"><\/i>\t\t\t\t\t\t<span class=\"elementor-screen-only\">Pr\u00f3ximo<\/span>\n\t\t\t\t\t<\/div>\n\t\t\t\t\t\t\t\t\t<\/div>\n\t\t\t\t<\/div>\n\t\t\t\t<\/div>\n\t\t\t\t\t<\/div>\n\t\t<\/div>\n\t\t\t\t\t\t\t<\/div>\n\t\t<\/section>\n\t\t\t\t\t\t\t<\/div>\n\t\t","protected":false},"excerpt":{"rendered":"<p>Conhe\u00e7a nossa proposta O Mau\u00e1 Idiomas \u00e9 uma escola de ingl\u00eas para os alunos do 1\u00ba ao 9\u00ba ano do ensino fundamental. As aulas s\u00e3o \u00e0s ter\u00e7as e quintas-feiras, nos turnos da manh\u00e3 e da tarde, totalizando 4 aulas semanais, com dura\u00e7\u00e3o de 45 minutos. O n\u00famero m\u00ednimo de alunos por turma \u00e9 de 8 &#8230; <a title=\"Mau\u00e1 Idiomas\" class=\"read-more\" href=\"https:\/\/maua.g12.br\/site\/index.php\/maua-idiomas\/\" aria-label=\"More on Mau\u00e1 Idiomas\">Ler mais<\/a><\/p>\n","protected":false},"author":1,"featured_media":0,"parent":0,"menu_order":0,"comment_status":"closed","ping_status":"closed","template":"elementor_header_footer","meta":{"footnotes":""},"class_list":["post-254","page","type-page","status-publish"],"_links":{"self":[{"href":"https:\/\/maua.g12.br\/site\/index.php\/wp-json\/wp\/v2\/pages\/254","targetHints":{"allow":["GET"]}}],"collection":[{"href":"https:\/\/maua.g12.br\/site\/index.php\/wp-json\/wp\/v2\/pages"}],"about":[{"href":"https:\/\/maua.g12.br\/site\/index.php\/wp-json\/wp\/v2\/types\/page"}],"author":[{"embeddable":true,"href":"https:\/\/maua.g12.br\/site\/index.php\/wp-json\/wp\/v2\/users\/1"}],"replies":[{"embeddable":true,"href":"https:\/\/maua.g12.br\/site\/index.php\/wp-json\/wp\/v2\/comments?post=254"}],"version-history":[{"count":3,"href":"https:\/\/maua.g12.br\/site\/index.php\/wp-json\/wp\/v2\/pages\/254\/revisions"}],"predecessor-version":[{"id":550,"href":"https:\/\/maua.g12.br\/site\/index.php\/wp-json\/wp\/v2\/pages\/254\/revisions\/550"}],"wp:attachment":[{"href":"https:\/\/maua.g12.br\/site\/index.php\/wp-json\/wp\/v2\/media?parent=254"}],"curies":[{"name":"wp","href":"https:\/\/api.w.org\/{rel}","templated":true}]}}